hat is -8 - 369?
-373
In base 5, what is 321 + 114?
440
In base 16, what is 1 + -26f?
-26e
In base 7, what is -4 + 46?
42
In base 10, what is 4 + 4?
8
In base 16, what is 0 + -44?
-44
In base 12, what is -7 + -6?
-11
In base 14, what is 0 + b9?
b9
In base 2, what is -100 - -100100?
100000
In base 9, what is -1 - 867?
-868
In base 10, what is 83 - -7?
90
In base 8, what is 1 - -1?
2
In base 15, what is 7 + -1?
6
In base 8, what is -4 + 741?
735
In base 3, what is -1101210 + -10?
-1101220
In base 5, what is -32 - 1?
-33
In base 4, what is 2212 + 2?
2220
In base 6, what is -10 - -5450?
5440
In base 3, what is 112210 + -21?
112112
In base 5, what is -2230 - -10?
-2220
In base 10, what is -1 + 35?
34
In base 14, what is -24 - -232?
20c
In base 4, what is -10 + 22?
12
In base 8, what is 1 - -1402?
1403
In base 9, what is -5 - 4683?
-4688
In base 6, what is 2 + 5044?
5050
In base 8, what is 33 + 111?
144
In base 10, what is 406 + -3?
403
In base 2, what is -100 + 11111111?
11111011
In base 10, what is 101 - 3?
98
In base 4, what is -3 + 12010?
12001
In base 7, what is 33 - -2?
35
In base 5, what is 11004 + -1?
11003
In base 4, what is -1100 + 3?
-1031
In base 14, what is 6 + -242?
-23a
In base 11, what is -14 - -21?
8
In base 5, what is 20224 + -3?
20221
In base 6, what is -2 - -35341?
35335
In base 5, what is -10110 - -2?
-10103
In base 10, what is -2 - 44?
-46
In base 11, what is 5 - 81?
-77
In base 10, what is 275 + 3?
278
In base 4, what is -11212 + 10?
-11202
In base 9, what is -2 + -85?
-87
In base 15, what is -4 - -1?
-3
In base 3, what is -2221 - -2?
-2212
In base 13, what is -38 - -3?
-35
In base 4, what is 2 - 3011?
-3003
In base 4, what is -11 - -203?
132
In base 6, what is 10 + -43?
-33
In base 11, what is -1 - -44?
43
In base 11, what is 1567 + -6?
1561
In base 6, what is -242 + 0?
-242
In base 8, what is -37 - 7?
-46
In base 7, what is -5 + -110?
-115
In base 4, what is -13022 + 3?
-13013
In base 16, what is 0 - -a64?
a64
In base 9, what is -1301 - -6?
-1284
In base 7, what is 11 - 44?
-33
In base 8, what is 67 + 13?
102
In base 16, what is 4 - 19?
-15
In base 7, what is 3 - 610?
-604
In base 10, what is 1220 + -2?
1218
In base 5, what is 114 + 41?
210
In base 10, what is -3419 + -2?
-3421
In base 13, what is 1357 + -3?
1354
In base 10, what is -2 + 926?
924
In base 4, what is 11 - 1021?
-1010
In base 16, what is 132 + 4?
136
In base 10, what is 21 - -505?
526
In base 16, what is -5 + 1c6?
1c1
In base 15, what is -1 + 150?
14e
In base 12, what is 3 + 528?
52b
In base 11, what is -14a - -4?
-146
In base 15, what is 2 + -e9?
-e7
In base 3, what is -1021000 - 0?
-1021000
In base 16, what is 27a + -4?
276
In base 4, what is 21 - -122011?
122032
In base 5, what is -4 - 1143?
-1202
In base 14, what is -569 + -5?
-570
In base 8, what is -10 + 773?
763
In base 7, what is 1 - 111?
-110
In base 15, what is 3 + -21?
-1d
In base 9, what is 802 + -2?
800
In base 11, what is -18112 - -1?
-18111
In base 4, what is 11 + -323?
-312
In base 5, what is 4 + -130?
-121
In base 3, what is 2 + -12121?
-12112
In base 7, what is 35 + 20?
55
In base 16, what is 2 - -189?
18b
In base 16, what is -170 + 4?
-16c
In base 5, what is -3 + -34?
-42
In base 15, what is 1ec - -4?
201
In base 5, what is 24004 + -23?
23431
In base 2, what is -1010 + -11011?
-100101
In base 5, what is -30114 - -3?
-30111
In base 8, what is 4 + 1156?
1162
In base 15, what is c + 9e?
ab
In base 12, what is 625 - 5?
620
In base 5, what is -3 + -122?
-130
In base 9, what is -227 - -4?
-223
In base 13, what is -178c2 + 5?
-178ba
In base 12, what is -a1 + -4?
-a5
In base 2, what is -11010101 - 0?
-11010101
In base 2, what is 1011 + 100111?
110010
In base 8, what is -40 - 5?
-45
In base 16, what is 46b + 1?
46c
In base 7, what is 3 - -306?
312
In base 16, what is -67 - 4?
-6b
In base 4, what is 3 - -1301?
1310
In base 4, what is 112123 - 1?
112122
In base 14, what is 98a - 5?
985
In base 16, what is 5 + -b0?
-ab
In base 3, what is -10102 + 2012?
-1020
In base 14, what is 7 + -2a?
-23
In base 11, what is -3 + 26?
23
In base 11, what is 2 - -15?
17
In base 10, what is 37 + -4?
33
In base 7, what is -4 - 110?
-114
In base 6, what is -4 + -3424?
-3432
In base 10, what is -1 + -43?
-44
In base 11, what is 2 + -3049?
-3047
In base 12, what is a77 - -4?
a7b
In base 13, what is -367 - -1?
-366
In base 11, what is -2 - -418?
416
In base 7, what is -16 - 20?
-36
In base 11, what is -1 + 477?
476
In base 16, what is 4 + -10d?
-109
In base 4, what is 222 + -1111?
-223
In base 4, what is -22 - 10?
-32
In base 9, what is -4 + 35?
31
In base 4, what is 1 + -1313?
-1312
In base 14, what is 293 + -3?
290
In base 11, what is 2 + -95?
-93
In base 3, what is 1 - 1001020?
-1001012
In base 16, what is -2 - 1?
-3
In base 10, what is 47 - -52?
99
In base 16, what is -12 - -6?
-c
In base 12, what is -a - 457?
-465
In base 10, what is 5 - -684?
689
In base 12, what is 6a - 5?
65
In base 5, what is 1 + -222?
-221
In base 4, what is 32 + 33330?
100022
In base 8, what is 66 + 5?
73
In base 15, what is -a5 - -3?
-a2
In base 6, what is -2 + -250?
-252
In base 7, what is -5 - 654?
-662
In base 13, what is 57 - 20?
37
In base 3, what is -1201 + 102002?
100101
In base 11, what is -2 - -1271?
126a
In base 12, what is 1963 - -2?
1965
In base 3, what is -1220222 + -11?
-1221010
In base 15, what is -13de - -5?
-13d9
In base 2, what is 111 - 1000001?
-111010
In base 9, what is -75 + 41?
-34
In base 3, what is 22211200 + -10?
22211120
In base 14, what is -41 - -8?
-37
In base 6, what is 130 - 1404?
-1234
In base 9, what is -14 - -13?
-1
In base 3, what is -11 - -101?
20
In base 8, what is 3 + -5643?
-5640
In base 13, what is a - -3?
10
In base 10, what is -88 + 9?
-79
In base 5, what is 10 + 133?
143
In base 9, what is -10 + -786?
-806
In base 7, what is -62 - 5?
-100
In base 9, what is -625 + 80?
-535
In base 8, what is -232 - 3?
-235
In base 14, what is -4 + -2b7?
-2bb
In base 8, what is -5 - -2301?
2274
In base 11, what is 17 - -27?
43
In base 4, what is 1230322 + -1?
1230321
In base 10, what is 24 + 1?
25
In base 14, what is -7 + 9?
2
In base 7, what is 31 + -4?
24
In base 7, what is -4 + 113?
106
In base 4, what is 110 + 31?
201
In base 6, what is 212 + 41?
253
In base 15, what is -5 - -31?
2b
In base 11, what is -5 + 672?
668
In base 7, what is 1524 + 11?
1535
In base 10, what is -68 + 34?
-34
In base 10, what is 3 - 6694?
-6691
In base 15, what is -1c + 5?
-17
In base 5, what is -14134 - -10?
-14124
In base 15, what is 314 - 0?
314
In base 2, what is -101 + -1101100110011?
-1101100111000
In base 12, what is 1 - -9?
a
In base 11, what is 70 + 9?
79
In base 6, what is 12 - -14252?
14304
In base 4, what is -3 - -33230?
33221
In base 15, what is 13 + 109?
11c
In base 11, what is -58 - 44?
-a1
In base 15, what is -14 + -1b?
-30
In base 5, what is -1 + -210?
-211
In base 12, what is -22a - 4?
-232
In base 2, what is -11 - -10011010?
10010111
In base 11, what is -1 + -1?
-2
In base 13, what is 62 - -2?
64
In base 4, what is -10 - -1233?
1223
In base 5, what is 12124 + -4?
12120
In base 13, what is 1a - 36?
-19
In base 9, what is 5 - -20?
25
In base 12, what is -4a0 - -4?
-498
In base 15, what is -2be + 4?
-2ba
In base 11, what is 0 - 2722?
-2722
In base 2, what is -1001110 + -1000?
-1010110
In base 16, what is 16 + -1fe?
-1e8
In base 16, what is 5 - -2d?
32
In base 4, what is -11 - 1201?
-1212
In base 7, what is -1 - 2311?
-2312
In base 15, what is 90 + 0?
90
In base 3, what is -210201 - 12?
-210220
In base 3, what is -1112 + -1?
-1120
In base 7, what is -526 + 4?
-522
In base 10, what is -2 + -194?
-196
In base 15, what is -5 - 81?
-86
In base 5, what is -1 + -4314?
-4320
In base 5, what is 10 + -4341?
-4331
In base 9, what is 6777 + 2?
6780
In base 2, what is 0 - 1001111?
-1001111
In base 14, what is -a + 47?
3b
In base 4, what is -101 - -12?
-23
In base 7, what is 13 + -434?
-421
In base 8, what is 5 - 4225?
-4220
In base 14, what is -2a + c?
-1c
In base 16, what is 0 + -19f?
-19f
In base 9, what is 20 + 60?
80
In base 13, what is -9 + -12?
-1b
In base 6, what is 44450 + -1?
44445
In base 4, what is 20 + -211?
-131
In base 16, what is 165 - -2?
167
In base 9, what is -84 - 56?
-151
In base 7, what is 32 - -12?
44
In base 7, what